 is 10020101 - -212201210?
222222011
In base 13, what is 2 + a828419?
a82841b
In base 14, what is 1a2598 - -86?
1a2640
In base 8, what is 150 + 1601265?
1601435
In base 13, what is -8aa40c + -59?
-8aa468
In base 16, what is 49 - 1476?
-142d
In base 6, what is -115 + 101101011?
101100452
In base 8, what is 4 - 7255550?
-7255544
In base 6, what is -24553 - 12012?
-41005
In base 2, what is -1101010011 - 10110010110011011111?
-10110011000000110010
In base 7, what is 23011113160 - 2?
23011113155
In base 15, what is 3c545 - 19e?
3c396
In base 9, what is -6325261 - -2?
-6325258
In base 14, what is 2473 - -b44?
31b7
In base 11, what is -11098669 + 0?
-11098669
In base 15, what is 2521a - 206?
25014
In base 14, what is 21 - 42c2?
-42a1
In base 3, what is 122 + 100110100000221?
100110100001120
In base 8, what is 0 + -337741167?
-337741167
In base 15, what is 2560 - 4ca?
2085
In base 11, what is -22a48 + 49a0?
-19058
In base 4, what is 0 - 22001012203?
-22001012203
In base 12, what is 214a66 + 193?
215039
In base 14, what is -14 + -13a25c1?
-13a25d5
In base 7, what is 3 - -10022266?
10022302
In base 12, what is 73 + -4267788?
-4267715
In base 15, what is 3 - -395d29?
395d2c
In base 13, what is -11b + -9c27?
-a045
In base 14, what is 10a5 - 1030?
75
In base 5, what is 103 + 201002041?
201002144
In base 16, what is a6 + 99809?
998af
In base 6, what is 150154123 - -454?
150155021
In base 16, what is -9de - 8f1?
-12cf
In base 16, what is -4416b91 + 0?
-4416b91
In base 12, what is 49289 - b2?
49197
In base 15, what is -4c + 1cd26?
1ccc9
In base 13, what is -6269 + 1cb?
-606b
In base 6, what is 4214302000 - 4?
4214301552
In base 4, what is -3012200231112 - -1?
-3012200231111
In base 10, what is -43 + -3410399?
-3410442
In base 7, what is -120052 + 210215?
60133
In base 12, what is -14 + 28ba0a8?
28ba094
In base 13, what is -191bc0 + 141?
-191a7c
In base 6, what is -14013302105 + 0?
-14013302105
In base 7, what is 1305611154 + 4?
1305611161
In base 16, what is 1e - d2987?
-d2969
In base 4, what is -23312 - 333130?
-1023102
In base 10, what is 55052389 - 3?
55052386
In base 11, what is 3a83 + 50a3?
9076
In base 5, what is -1032333 + -1024?
-1033412
In base 6, what is 15231414350 + 3?
15231414353
In base 6, what is -2514 + 35431204?
35424250
In base 2, what is 11 + 10101000010010110110111010?
10101000010010110110111101
In base 11, what is 121 + 11018?
11139
In base 6, what is 34135 + -1313?
32422
In base 16, what is -9 + 419b5?
419ac
In base 14, what is 18c86b23 - -4?
18c86b27
In base 14, what is -1099d6d5 - 4?
-1099d6d9
In base 4, what is 1322 + 213103312?
213111300
In base 9, what is -18 + 14686310?
14686281
In base 6, what is 225 - 4332353?
-4332124
In base 8, what is 301 - 30530?
-30227
In base 12, what is -17073 + 1290?
-159a3
In base 7, what is 2 - 161522615?
-161522613
In base 16, what is bc7 - -6fe0?
7ba7
In base 13, what is -4b35a - 4a8?
-4b835
In base 2, what is -10000000111 + 1011110010110?
1001110001111
In base 7, what is 3 - 130525164?
-130525161
In base 13, what is -1174c + 11?
-1173b
In base 9, what is 11 + 72863?
72874
In base 14, what is b718 + 8a1?
c1b9
In base 2, what is -1000010001000001011111001100 + 100?
-1000010001000001011111001000
In base 3, what is 22221 - 20202121110?
-20202021112
In base 5, what is 14 - -2223204?
2223223
In base 9, what is 14 - 1441343?
-1441328
In base 8, what is -577647 + -444?
-600313
In base 13, what is -162 + 13a68?
13906
In base 12, what is 48 + 51b911?
51b959
In base 13, what is -8305b0 + 5?
-8305a8
In base 8, what is 203 + -114535?
-114332
In base 4, what is -110333012 + -2212?
-111001230
In base 11, what is 2353814 + 6?
235381a
In base 11, what is -17a5044 + 0?
-17a5044
In base 13, what is -48 - -2b7789?
2b7741
In base 8, what is 2140470 - -1035?
2141525
In base 6, what is 1 + 22133414050?
22133414051
In base 10, what is -7 + -640682?
-640689
In base 9, what is -6580 + -31486?
-38176
In base 10, what is 0 - -12898563?
12898563
In base 10, what is 17328105 + 69?
17328174
In base 12, what is -101 + -19273?
-19374
In base 12, what is 120 - 2796aaa?
-279698a
In base 3, what is -122222110121 + 11202?
-122222021212
In base 5, what is 304111000330 - 4?
304111000321
In base 4, what is -2 + 20231033?
20231031
In base 12, what is -3302b8 - 5?
-330301
In base 3, what is 100 - -102200020020110?
102200020020210
In base 8, what is -5 + -7175045?
-7175052
In base 7, what is 604043 - -1022?
605065
In base 2, what is -11001000000001011 - 100100011?
-11001000100101110
In base 5, what is 130304232431 - -3?
130304232434
In base 13, what is -3 + 845248c?
8452489
In base 16, what is 16e3f29 + 2?
16e3f2b
In base 5, what is -3 + 41222242103?
41222242100
In base 4, what is 1023220022 + -30021?
1023130001
In base 9, what is -120221 + 1710?
-117411
In base 10, what is -8978 - 716?
-9694
In base 6, what is -340314 - 30450?
-411204
In base 15, what is 41b - d58c?
-d171
In base 2, what is 1010001101101 + -1011001110110?
-1000001001
In base 16, what is d - -6ed013?
6ed020
In base 10, what is 14206217 - 1?
14206216
In base 13, what is 317b1 + -112?
3169c
In base 9, what is 10785 + -5070?
4715
In base 5, what is -1212 + -1334304403?
-1334311120
In base 16, what is -f6398b + -15?
-f639a0
In base 13, what is -303c9b7 - 0?
-303c9b7
In base 13, what is -4 - c96a74a?
-c96a751
In base 15, what is -2ceeb57 + -4?
-2ceeb5b
In base 3, what is -20121111110200 + 100?
-20121111110100
In base 10, what is -268855 + 224?
-268631
In base 7, what is -231160 + -361?
-231551
In base 8, what is 536532226 - -3?
536532231
In base 13, what is -6b2220 - -6?
-6b2217
In base 10, what is -5 + 1582566?
1582561
In base 13, what is -40b093 + -65?
-40b128
In base 14, what is -5 - 38c53b80?
-38c53b85
In base 6, what is 54 - -5330224?
5330322
In base 11, what is 5434496 - 39?
5434458
In base 9, what is 3725228 + -42?
3725176
In base 14, what is -d977 - -6?
-d971
In base 10, what is -105360 + 7?
-105353
In base 9, what is 270430 - 5053?
264366
In base 8, what is 326 + -2106370?
-2106042
In base 5, what is 112413324 - 1024?
112412300
In base 4, what is 31 + 210202023?
210202120
In base 7, what is -163 + 4133132?
4132636
In base 12, what is 860907 + 36?
860941
In base 2, what is -1000010101011001010000 - -11100?
-1000010101011000110100
In base 6, what is -441511053 + 13?
-441511040
In base 2, what is -1000010101111 - 1011010011100100?
-1100010110010011
In base 12, what is -35b5655 - 4?
-35b5659
In base 12, what is 3 - -6701624?
6701627
In base 11, what is -2 + 2946a4?
2946a2
In base 2, what is -1 + -100111100100101101011?
-100111100100101101100
In base 8, what is 36 - -200545?
200603
In base 7, what is 4 + 62302056?
62302063
In base 9, what is 3 + -638823647?
-638823644
In base 2, what is -1111011101 + 1101?
-1111010000
In base 12, what is 653 - 55a9?
-4b56
In base 3, what is -11 - -1002201110221102?
1002201110221021
In base 4, what is -3223001 - -2333331?
-223010
In base 12, what is -3b + 74187?
74148
In base 16, what is c5 + -627de8?
-627d23
In base 7, what is 365113142 - 1?
365113141
In base 8, what is -4123 - -1753?
-2150
In base 7, what is 3146414140 + 1?
3146414141
In base 15, what is -c28348b - 3?
-c28348e
In base 6, what is 101 - 4425023?
-4424522
In base 13, what is 357a - b8?
3492
In base 12, what is 746032 - -b0?
746122
In base 4, what is -33230120130233 - -11?
-33230120130222
In base 16, what is -574a31f - 4?
-574a323
In base 12, what is 187 - -3497?
3662
In base 9, what is 858514500 + -3?
858514486
In base 5, what is 12424230301 + -14?
12424230232
In base 2, what is 110110101101000 - 101111?
110110100111001
In base 15, what is 1ee6 + -ae80?
-8e89
In base 4, what is -100 - 130100002121?
-130100002221
In base 13, what is 6c + 490cc?
4916b
In base 3, what is -21 + 1210101111022?
1210101111001
In base 11, what is -1086114 + 0?
-1086114
In base 7, what is -521 + -2405612?
-2406433
In base 9, what is -3 + -85142124?
-85142127
In base 11, what is -9 + -455502?
-455510
In base 4, what is 32312 + 11223300?
11322212
In base 15, what is -66 + 6a658?
6a5e2
In base 14, what is 9c87c19c - -2?
9c87c1a0
In base 5, what is -2002023023 - 11?
-2002023034
In base 15, what is 2 + -17bc02?
-17bc00
In base 11, what is -a1692200 - -5?
-a16921a6
In base 2, what is -10000110101100101 - 